10 = 0. What is the tens digit of m?
1
Suppose 2*t - 3 = 3*p, 2*t - p - 5 + 4 = 0. Suppose -c = -t - 6. What is the units digit of c?
6
Let d(q) = q**2 + 21*q - 15. What is the units digit of d(-23)?
1
Suppose -2*j + 3*j = r + 38, -4*j - 5*r = -197. What is the tens digit of j?
4
Let t(l) = 20*l - 71. What is the hundreds digit of t(13)?
1
Suppose -4*w - 3*i + 0*i = 2, 3*w - i + 8 = 0. What is the units digit of 24 - (w - -3)*2?
2
Suppose 4*o = -u + 9, -2*u - 3 = 3*o - 11. What is the units digit of o/(-6) - 7/(-3)?
2
Let n be (-9)/12 + 1/(-4). What is the units digit of 19 - 4/(3 + n)?
7
Let s = -6 - -6. Let h = s - -3. What is the units digit of h?
3
Let d be 4/(-14) - 4/(-14). Suppose d = -z - 0*z. Suppose 3*x - x - r = 20, z = 4*r. What is the tens digit of x?
1
Let k(x) = -x**3 - 3*x**2 + 8*x + 5. Let g be k(-5). Suppose -o = -4*o + g. Suppose o + 3 = d. What is the units digit of d?
8
Suppose -2*h + d + 0*d = -74, -98 = -2*h - 5*d. What is the units digit of h?
9
Let a = 0 - 0. Suppose 5*l - 150 = -a*l. Suppose -2*o = -3*g + o + l, 78 = 5*g + 2*o. What is the units digit of g?
4
Let f(k) = k**3 + 8*k**2 - 7*k + 5. What is the tens digit of f(4)?
6
Suppose 0 = 4*a - 4, 4*r - 3 = 2*a + 15. Suppose 0*y - r*y = -15. Suppose 2*f - y = -f. What is the units digit of f?
1
Suppose 2 - 18 = -4*s. Suppose -38 = -p - s*d + 2, 5*d + 4 = p. What is the units digit of p?
4
Let x = 57 + -8. What is the units digit of x?
9
Let k = 11 - 8. Let r = -14 + k. Let o = 23 + r. What is the units digit of o?
2
Let p = 25 + -21. Let u(o) = -o**3 + 3*o**2 + 9*o - 2. What is the units digit of u(p)?
8
Let h = 36 - 22. Suppose h = j - 3*j. Let y = -2 - j. What is the units digit of y?
5
Let v = -7 + 4. Let r = v - -7. What is the units digit of r?
4
Suppose 3*p - 2*u = 14, -p = -4*p + 3*u + 18. Suppose -3*k = -4*q + 80, 6*q - p*q = -5*k + 48. What is the tens digit of q?
1
Suppose -6*f + 20 = -f. What is the units digit of 3*2/f*6?
9
Let d(i) = i**3 + 3*i**2 - 8*i - 9. What is the tens digit of d(4)?
7
Let u = 0 - 2. What is the units digit of (-3 - u)*3*-3?
9
Let s(y) = -y**2 - 11*y + 4. What is the units digit of s(-8)?
8
Suppose 0 = 2*z, -4*z - 270 = -5*b - 0*b. Suppose -3*i = -0*i - b. What is the tens digit of i?
1
Suppose 0 = 8*f - 12*f + 240. What is the tens digit of f?
6
Suppose 3*t - 2*f - 82 = 0, -3*f + 0*f + 3 = 0. Suppose -3*s + 4*g + 0 = -3, 0 = 5*s + g - t. What is the units digit of s?
5
Let c(w) = -111*w**3 - 2*w**2 - w. What is the units digit of c(-1)?
0
Let x be 4/2 - -36 - 1. Suppose x = 3*y - 2*r, -y = -3*r - 23 - 1. What is the units digit of y?
9
Suppose 2*q - q = 9. Suppose 8 + q = i. What is the tens digit of i?
1
Suppose 2*g = l + 3*l + 4, -8 = -4*g + l. Let i = g + 1. Suppose -14 = -i*h - y + 2*y, -h = y - 10. What is the units digit of h?
6
Let g = 21 + -15. What is the units digit of g?
6
Suppose 0*x + 4*z = -x + 5, -x + 5 = -3*z. What is the units digit of x?
5
Let v(i) = -26*i - 3. What is the units digit of v(-1)?
3
Suppose 4*p = 16 + 16. Suppose -t + 15 = 6. Let s = p + t. What is the units digit of s?
7
Let a be 0/(-1) + 0 - 1. Let s = 8 + a. What is the units digit of s?
7
Let k(f) be the third derivative of 59*f**5/60 - f**3/6 + f**2. What is the tens digit of k(1)?
5
Let q be -4 + 8*(-2)/4. What is the tens digit of 6 + q + (1 - -30)?
2
Let y(m) = 5 - 1 - m + 1. Suppose 5*k = 3*k. What is the units digit of y(k)?
5
Suppose 30 = d - 0*d - 3*x, -3*x - 156 = -4*d. What is the units digit of d?
2
Let d = 7 + 6. What is the tens digit of d?
1
Let y = 139 + -45. What is the tens digit of y?
9
Let u = -194 + 332. What is the tens digit of u?
3
What is the units digit of -6 - 4*537/(-6)?
2
Let d = 14 - 22. Let l = -2 - d. Suppose 0 = q - 0*q - l. What is the units digit of q?
6
Let t(o) = o**2 - 5*o + 6. Let x be t(4). What is the units digit of (0 - 2)*(-3)/x?
3
Suppose -3*q + 50 = -4*l + 251, 2*l - 103 = -q. What is the tens digit of l?
5
Let d(n) be the second derivative of -1/3*n**4 - n + 0 - 3*n**2 + 1/20*n**5 - 1/3*n**3. What is the units digit of d(5)?
9
Let c = -5 + 7. Suppose r - c + 4 = 0. Let u = 7 + r. What is the units digit of u?
5
Let c(y) = -y**2 - 6*y + 1. Let l be c(-7). Let r(b) = 6*b + b**2 + 5 + 2 - 1. What is the units digit of r(l)?
6
What is the units digit of 2/2*((22 - 3) + 3)?
2
Let u be 2 - (1 - (-7 - 0)). Let x = 7 + -10. What is the tens digit of (x/u)/(2/44)?
1
Suppose 3*o = 2*h - 71 - 1, 2*o = 4. What is the units digit of h?
9
Let v = 26 + -18. Suppose 2*z - 42 = -v. Let y = -8 + z. What is the units digit of y?
9
Suppose 3*m + 15 = 2*m + 5*j, -5*m = 5*j - 45. What is the units digit of m?
5
Let j = 2 + 1. Suppose -m - j*k + 17 = -2, 5*m - 3*k = 113. What is the tens digit of m?
2
Let o = 7 - 5. Suppose -3 - o = -d. What is the units digit of d?
5
Let u be (-3)/(-5) + (-6)/(-15). Let o(p) = 3*p + 1. What is the units digit of o(u)?
4
Let p(g) = g**3 - 10*g**2 + 10*g + 18. What is the tens digit of p(9)?
2
Suppose -5*c + 2*c = 2*j - 12, 5*j = -2*c + 8. Let f be -1 + j + 3 - -18. Suppose -v = -4*v - 4*l - 7, -5*l = f. What is the units digit of v?
3
Let f(t) = t**2 - 5. What is the tens digit of f(4)?
1
Let t = -2 + -4. What is the units digit of t*-5*(-1)/(-2)?
5
Let o(s) = -s**3 + 9*s**2 - 5*s - 9. Let j = 4 - 1. Let r be 11*(0 + 1) - j. What is the tens digit of o(r)?
1
Suppose 3*g + q = 4*q + 6, 2 = q. Suppose j = -0*j. Suppose -3*t + 25 = k, 4*t - g*k + k - 16 = j. What is the units digit of t?
7
Suppose -r - 4 = -3*z + 10, 3*r = -3*z + 6. Let n = -14 + 16. Suppose n*s + 24 = z*s. What is the units digit of s?
2
Let m(i) = i**2 - 1. Let u be m(-1). Let v be u/(1*-3) - -2. What is the units digit of (0 - 2)/(v/(-7))?
7
Suppose 4*w + j = -97, 0*j = 3*w + 3*j + 66. Let b = w - -29. What is the units digit of b?
4
Let j be (-9)/(-6) - 2/(-4). Suppose 1 = 3*l - j. Suppose 4*q + l - 41 = 0. What is the tens digit of q?
1
Let m(y) = -y**2 + 16*y - 16. Let p be m(12). Let u be 0 + 0 + (2 - 0). Suppose 4*c = u*c + p. What is the tens digit of c?
1
Suppose 4*v - 8*v = 5*g + 1, -8 = 2*v. Suppose -4*m = d + 13, -g*d - d - m = -8. What is the units digit of d?
3
Suppose -8*v + 6*v = 16. What is the units digit of 1 - 4/(v/14)?
8
Suppose 8 = -0*j + 2*j. What is the units digit of j?
4
Suppose 108 = 2*t - 114. What is the tens digit of t?
1
Let u(r) = r - 2. Let b be 2/(-8) - 65/(-20). What is the units digit of u(b)?
1
Let b(l) = l**2 - 5*l + 4. Let a(n) = -n**2 - 6*n + 4. Let v be a(-5). What is the tens digit of b(v)?
4
Let z(k) = -k**3 - 12*k**2 - 4*k - 14. What is the tens digit of z(-12)?
3
Suppose -5*l + 33 + 217 = 0. What is the units digit of l?
0
Let a = 631 - 409. What is the hundreds digit of a?
2
Suppose 3*u + u = -76. Let w be 2*(u/(-2) + -3). Suppose -2*o + w = 3*x, o - 15 - 8 = 4*x. What is the units digit of o?
1
Let m(l) = -l**2 + 6*l - 3. Let p be m(5). Suppose 10 = p*x - 18. What is the tens digit of x?
1
Suppose 849 = 3*n + 168. What is the tens digit of n?
2
Suppose -8 = -3*y - 4*l, -y + 4*y = 4*l - 8. Let w = y - -2. What is the units digit of w?
2
Let z(l) = 8*l + l + 5 - 6*l**2 + 7*l**2. What is the tens digit of z(-10)?
1
Let a be 2 + -1 + -8*3. Let k = 32 + a. What is the units digit of k?
9
Suppose 0 = -l - 2*l + 54. Let y = l - 11. Suppose -2*d - 10 = n - y*d, 8 = n + d. What is the units digit of n?
5
Suppose 4 = -2*r - 6. Let i(k) = -k**3 - 6*k**2 - 6*k + 1. What is the units digit of i(r)?
6
Let w(t) = 46*t. Let o(s) = 9*s. Let i(g) = 14*o(g) - 3*w(g). What is the units digit of i(-1)?
2
Let k = 17 + -14. Let g = 18 - k. What is the tens digit of g?
1
Suppose -1 = 3*f + 5*h, -5*f = -4*f + 5*h - 13. Let k(b) = b**2 + 5*b - 8. Let o be k(f). Suppose -35 = u - o*u. What is the units digit of u?
7
Suppose -23 = -3*h - 2*k, -k = 4*h - 3*k - 26. What is the units digit of h?
7
Let b = 11 - 7. Suppose -b*s + 50 = s. What is the tens digit of s?
1
Let q = 13 + -4. What is the units digit of q?
9
What is the tens digit of (328/12)/((-4)/(-6))?
4
Suppose -2*i + 6*i = 104. Suppose -8*v - i = -10*v. What is the tens digit of v?
1
Let p(m) = 6*m + 6. Let y(l) = -7*l - 5. Let u(b) = 6*p(b) + 5*y(b). Let d be u(-10). What is the tens digit of 1/(2/(d - -35))?
1
Let g be 2/((-3 + 0)/6). Let l b